r of k and 14.
14
Let m(r) = 138*r - 881. Let f be m(13). What is the highest common factor of 11 and f?
11
Suppose 142*m - 243672 = -m. What is the greatest common divisor of 216 and m?
24
Let d be -4*(-5)/(-40)*-298. Suppose -d*b + 158*b = 855. What is the highest common factor of b and 133?
19
Let g(y) = y + 3. Let n be g(0). Suppose -2*f - 143 - 113 = -4*k, -218 = -3*k - 5*f. Let z = n + k. Calculate the highest common divisor of z and 46.
23
Let q(z) = -3039*z + 64. Let a be q(0). Calculate the greatest common divisor of a and 2416.
16
Let c(v) = -16*v + 1138. Let b be c(68). What is the highest common divisor of b and 1600?
50
Suppose -10*q - 412 = -1332. Let i be ((-448)/3)/(q/(-138)). What is the greatest common divisor of 160 and i?
32
Suppose -10*l = 16 + 4. Let p be (-3 - (-580)/(-8))*l + 4. Calculate the greatest common divisor of p and 93.
31
Suppose 0 = -29*q + 35*q - 2910. Let w = -473 + q. What is the greatest common divisor of 60 and w?
12
Suppose -3*r = -79 + 1. Suppose 0 = 21*h - 1971 - 1032. Calculate the highest common divisor of r and h.
13
Suppose -28 = c - 3*c + 5*j, 5*c = 4*j + 70. Suppose -4*y + 10*s - 15*s + 2077 = 0, -4*y = 3*s - 2075. What is the highest common divisor of c and y?
14
Suppose 5*p + 0*p = 4*x - 6, 5*x = p + 18. Let d be (1 - -1) + 11 - x. Let w be (-5 + 1)*3/(d/(-48)). What is the greatest common divisor of 96 and w?
32
Suppose -43*g + 31*g = 336. Let d = g - -228. What is the greatest common divisor of d and 16?
8
Let v(k) be the third derivative of k**4/24 + 7*k**3/2 - 18*k**2. Let g be v(-4). Suppose 5*f = 229 + 706. What is the highest common divisor of g and f?
17
Suppose 6*k + 4*o - 778 = 8*k, 3*k + 2*o + 1175 = 0. Let n = k + 409. What is the highest common factor of 72 and n?
18
Let p be 675/(-9)*(-216)/60. What is the greatest common factor of 670 and p?
10
Let y(n) = n**2 - n - 56. Let f be y(22). Calculate the highest common divisor of f and 154.
14
Let s be (193130/1953 - (-1 - -2)) + 2/18. What is the greatest common factor of 126 and s?
14
Let x = 2707 - 1667. What is the highest common divisor of x and 200?
40
Suppose -96927 = -28*j + 737. Calculate the highest common divisor of 256 and j.
32
Let h be 4/(-34) + ((-15)/(-4) - 9219/(-476)). Suppose 0 = -t + 24 - 1. What is the greatest common divisor of t and h?
23
Let j(w) = w**2 - 59*w - 1505. Let h be j(-20). Calculate the greatest common divisor of 915 and h.
15
Let a(s) = 3*s**2 - 5. Let h be a(5). Let i(z) = -10*z + 47. Let m be i(5). Let x be (3*m/(-18))/((-2)/(-40)). What is the highest common divisor of h and x?
10
Suppose -7*s = -14*s - 210. Let u = s + 45. Let d be (0 + 12/8)/(5/30). What is the highest common factor of u and d?
3
Suppose -18*v - 271 + 487 = 0. Calculate the greatest common factor of v and 3156.
12
Suppose 3*w + 3*p - 4*p - 870 = 0, -5*w + 1450 = -5*p. Calculate the highest common divisor of 377 and w.
29
Let o(s) = -s**3 - 9*s**2 - 2*s + 20. Suppose -8*m = 21 - 5. Let y = -11 - m. Let u be o(y). What is the highest common factor of 418 and u?
38
Suppose 3*r - 6 = r - 4*q, 4*r - 3*q - 23 = 0. Suppose -30 = 2*x - r*x. Let u be ((2 - 10) + (-12)/4*-1)*-2. Calculate the highest common divisor of x and u.
10
Let b = -8441 - -12436. Calculate the highest common factor of b and 47.
47
Let x(d) = -d + 18. Let z be x(13). Suppose -z*i - 2*p = -33, -p + 5*p = 2*i - 18. Let f be -2*1*1 - (-854)/i. Calculate the greatest common factor of f and 40.
40
Suppose 67*o + 54*o - 116*o = 23735. Calculate the greatest common factor of 404 and o.
101
Let t be (-173)/(0 + (1 - 0)). Let c = t + 254. Let w(p) = p + 19. Let j be w(-10). What is the highest common divisor of c and j?
9
Suppose 5*j + 15039 = 4*v, 3*j - 3128 - 653 = -v. What is the greatest common divisor of 14 and v?
14
Suppose 16*u + 1165 = 4781. Let q = u - 151. Calculate the greatest common factor of q and 3.
3
Let y = 21 + 105. Let a(z) = 2*z + 39. Let v be a(-17). Suppose 0 = l - v*p + p - 34, -2*p = 10. What is the highest common factor of y and l?
14
Suppose 0 = -2*u + 184 + 196. What is the highest common divisor of u and 220?
10
Suppose 0 = -5*t + 16 + 9. Suppose -l = t*m - 218, 0 = -5*m - 24 - 1. What is the greatest common divisor of 162 and l?
81
Let x(z) = 28*z - 295. Let c be x(20). Calculate the greatest common factor of 159 and c.
53
Suppose 19*a + 1947 - 18743 = 0. What is the greatest common divisor of a and 936?
52
Let a = -47 + 50. Let w be ((-38)/14)/(a - (-66)/(-21)). Calculate the highest common divisor of 19 and w.
19
Let g be (-4 + 5 - -88)/(-1). Let c = g + 91. Let v = -32 + 48. What is the highest common factor of v and c?
2
Suppose 4*w + 5*w - 2016 = 0. Suppose -112 = -4*p - 4*p. Calculate the greatest common divisor of w and p.
14
Let t be -3 + 0 + 0 + 9. Suppose -29 = -7*i + t. Suppose -5*k + i*h = -55, -7 + 2 = -3*k - 4*h. Calculate the highest common factor of k and 175.
7
Suppose 0 = -0*t + 5*t - 170. Suppose -7*s - 2074 = -68*s. What is the greatest common factor of t and s?
34
Let x(p) = p**2 + 37*p - 330. Let u be x(-46). Let w be ((-24)/(-20))/((-6)/(-180)). What is the highest common divisor of u and w?
12
Suppose -528*d + 490*d = -19874. What is the highest common factor of d and 2?
1
Let p(h) = -h**3 + 39*h**2 - 75*h + 39. Let c be p(37). Suppose 4*i = 2*w - 64, -c*w + 28*i = 25*i - 61. Calculate the greatest common divisor of 104 and w.
26
Suppose -7*h = 32 + 17. Let b(t) = t**3 + 5*t**2 - 18*t - 20. Let c be b(h). What is the highest common divisor of 20 and c?
4
Suppose -12*o = -5*o. Let v(q) = 242 + o*q**3 + q**3 - 4*q**2 - 235 - 6*q + 0*q. Let l be v(5). Calculate the highest common factor of l and 3.
1
Suppose 8*s - 127 - 25 = 0. What is the highest common factor of 893 and s?
19
Let b = 21751 - 20950. Calculate the greatest common divisor of b and 324.
9
Suppose 0 = -14*z + 10*z + 272. Suppose 9*l - 14*l = -255. Calculate the greatest common divisor of z and l.
17
Let l be (-9)/(-6)*(-10 + 9226/21). What is the greatest common divisor of 736 and l?
92
Let f be ((-29055)/(-90) - 8) + 4/24. What is the highest common factor of f and 225?
45
Let l be 112/21*3*2. Suppose l*p = 30*p + 6. What is the greatest common divisor of 4 and p?
1
Let r(f) = f**3 + 10*f**2 - 82*f - 6. Let q be r(-13). Calculate the highest common factor of q and 158.
79
Let z = 16813 + -15504. Calculate the highest common factor of 238 and z.
119
Let s(q) = 62*q + 1360. Let j be s(-22). Let w(x) = -4*x + x**3 + 0*x + 2*x + 5*x**2. Let n be w(j). What is the greatest common divisor of 48 and n?
24
Suppose 4*j = -2*v - 3*v + 13, 5*j = -2*v + 12. Let k be 7 - (4 + j - 3). Suppose -72 = 10*y - 352. Calculate the greatest common divisor of k and y.
4
Let s(g) = -155*g**3 - 12*g**2 - 52*g + 11. Let r be s(-4). What is the highest common divisor of r and 58?
29
Let x(w) = 36*w - 6. Let h be x(-3). Let v = -112 - h. Suppose -4*j - 115 + 28 = -3*u, 94 = 4*u + v*j. What is the greatest common divisor of u and 225?
25
Let g be 115 - 1 - 6/(-3). Let k(t) be the first derivative of 2*t**3/3 - 19*t**2/2 + 53*t + 180. Let x be k(8). What is the greatest common divisor of g and x?
29
Let j(s) = s**2 - 22*s + 86. Let i be 23 - (-2 - (-5 - (2 + -3))). Let f be j(i). What is the greatest common factor of f and 130?
65
Let w be -3 + 7*(1 - -2). Let l(m) = -4*m + 17. Suppose 5*d + 47 = 12. Let j be l(d). Calculate the greatest common divisor of w and j.
9
Suppose 5*v + 241 = 3*k - 4*k, -2*k = 3*v + 447. Let g be (-5 - -4)/2*k. Suppose -10*t + t + g = 0. Calculate the highest common divisor of 48 and t.
12
Let l(t) = 12*t**2 - 20*t + 74. Let g be l(4). Suppose -14 = -8*y + g. Calculate the greatest common divisor of 25 and y.
25
Let t = -1895 - -1939. What is the highest common divisor of 374 and t?
22
Let k = -8347 + 8389. Calculate the highest common factor of k and 1434.
6
Suppose 2*b - 73*a = -69*a + 300, 2*a - 540 = -4*b. Suppose 0*q + 828 = 4*q. Calculate the greatest common factor of b and q.
69
Let m(f) = 5*f + 37. Let t be m(-6). Suppose 0 = h + t - 6. Let y be h - 393/3*-1. What is the greatest common factor of 10 and y?
10
Suppose -3489 = -122*r - 1049. Calculate the greatest common divisor of 330 and r.
10
Let t be (-57)/(-38)*16/6. Suppose 3*y = 2*l - 4, -3*y 